{"id":1438,"date":"2012-04-27T00:27:26","date_gmt":"2012-04-27T07:27:26","guid":{"rendered":"http:\/\/www.consensus911.org\/?page_id=1438"},"modified":"2018-06-16T03:06:25","modified_gmt":"2018-06-16T10:06:25","slug":"membres-dhonneur","status":"publish","type":"page","link":"https:\/\/www.consensus911.org\/fr\/membres-dhonneur\/","title":{"rendered":"Membres d&rsquo;Honneur"},"content":{"rendered":"<h3 class=\"hm\">Membres d&rsquo;Honneur<\/h3>\n<div class=\"c9text-fr\">\n<p>&nbsp;<\/p>\n<p><b>Les membres d\u2019honneur list\u00e9s dans cette page, m\u00eame s\u2019ils contestent la version officielle des \u00e9v\u00e9nements du 11 septembre 2001, ne sont par des porte-parole du <i>9\/11 Consensus Panel<\/i> dont la liste des membres est fournie <a href=\"\/fr\/membres-du-comite\/\">ici<\/a>.<\/b><\/p>\n<p><a name=\"DOUGLASS\"><\/a><\/p>\n<p>&nbsp;<\/p>\n<table class=\"members\">\n<tr>\n<td class=\"pm_img\">\n<div class=\"pm_img\"><a href=\"\/wp-content\/uploads\/2011\/09\/Jim-Douglass-sized-for-consensus911.jpg\"><img decoding=\"async\" alt=J.D.\" src=\"\/wp-content\/uploads\/2011\/09\/Jim-Douglass-sized-for-consensus911.jpg\" \/><\/a>\n<\/div>\n<\/td>\n<td class=\"pm_txt\">\n<div class=\"pmtxt-fr\">\n<b>James W. Douglass<\/b>, sp\u00e9cialiste de la th\u00e9ologie chr\u00e9tienne et activiste pour la Paix, est l\u2019auteur de nombreux ouvrages, dont \u00ab&nbsp;<i><a href=\"http:\/\/www.amazon.com\/JFK-Unspeakable-Why-Died-Matters\/dp\/1439193886\/\">JFK and the Unspeakable<\/a><\/i>&nbsp;\u00bb et \u00ab&nbsp;<i><a href=\"http:\/\/www.amazon.com\/Gandhi-Unspeakable-Final-Experiment-Truth\/dp\/1626980330\/\">Gandhi and the Unspeakable<\/a><\/i>&nbsp;\u00bb. Il a milit\u00e9 pour la d\u00e9sob\u00e9issance civile lors de la guerre du Vietnam, et contre les armements nucl\u00e9aires et la guerre d\u2019Irak. Lui et sa femme Shelley sont les cofondateurs du Ground Zero Center pour l\u2019action non violente, \u00e0 Poulsho, Washington, et de la Maison de Marie (<i>Mary\u2019s house<\/i>), un centre d\u2019accueil catholique \u00e0 Birmingham, dans l\u2019Alabama.<a name=\"IMPOSIMATO\"><\/a>\n<\/div>\n<\/td>\n<\/tr>\n<tr>\n<td class=\"pm_img\">\n<div class=\"pm_img\"><a href=\"\/wp-content\/uploads\/2011\/09\/Consensus-Panel-Photo.jpg\"><img decoding=\"async\" alt=\"F.I.\" src=\"\/wp-content\/uploads\/2011\/09\/Consensus-Panel-Photo.jpg\" \/><\/a>\n<\/div>\n<\/td>\n<td class=\"pm_txt\">\n<div class=\"pmtxt-fr\">\n<b>(<a href=\"https:\/\/www.ae911truth.org\/news\/403-an-international-icon-of-9-11-truth-departs-ferdinando-imposimato.html\" target=\"_blank\">Feu<\/a>) Mr. Ferdinando Imposimato (1936 \u2013 2018)<\/b> \u00e9tait pr\u00e9sident honoraire de la Cour supr\u00eame italienne et un ancien juge d\u2019instruction s\u00e9nior. Il a instruit de nombreuses affaires li\u00e9es au terrorisme, dont le rapt et l\u2019assassinat du pr\u00e9sident du Conseil italien Aldo Moro et la tentative d\u2019assassinat du pape Jean-Paul II. Il fut \u00e9galement consultant juridique pour les Nations Unies. Il a d\u00e9clar\u00e9 publiquement que le 11\/9 avait \u00e9t\u00e9 une op\u00e9ration sous fausse banni\u00e8re (<i>False Flag<\/i>), et a demand\u00e9 que cette affaire soit jug\u00e9e par la Cour p\u00e9nale Internationale de La Haye, dont le r\u00f4le est de prot\u00e9ger le monde des criminels de guerre. M. Imposimato est \u00e9galement l\u2019auteur des ouvrages \u00ab&nbsp;<i><a href=\"http:\/\/www.amazon.it\/Grande-Menzogna-lenigma-minaccia-dellIran-ebook\/dp\/B017RD4T22\/\">La Grande Menzogna: Il ruolo del Mossad, l&rsquo;enigma del Niger gate, la minaccia atomica dell&rsquo;Iran<\/a> [Le grand mensonge: l&rsquo;\u00e9nigme de Nigergate, la menace nucl\u00e9aire de l&rsquo;Iran]<\/i>&nbsp;\u00bb, \u00ab&nbsp;<i><a href=\"http:\/\/www.amazon.it\/Terrorismo-internazionale-nascosta-Ferdinando-Imposimato\/dp\/8887509263\/\">Terrorismo internazionale. La v\u00e9rit\u00e0 nascosta<\/a> [Terrorisme international. Les v\u00e9rit\u00e9s cach\u00e9es]<\/i>&nbsp;\u00bb, \u00ab&nbsp;<i><a href=\"http:\/\/www.amazon.it\/Repubblica-stragi-impunite-eNewton-Saggistica-ebook\/dp\/B00GAH6ZWO\/\">La Repubblica delle stragi impunite<\/a> [La r\u00e9publique des trag\u00e9dies impunies]<\/i>&nbsp;\u00bb, et \u00ab&nbsp;<i><a href=\"http:\/\/www.amazon.com\/cambiato-lItalia-eNewton-Saggistica-Italian-ebook\/dp\/B00CM5N0QM\/\">I 55 giorni che hanno cambiato l&rsquo;Italia. Perch\u00e9 Aldo Moro doveva morire?<\/a> [Les 55 jours qui chang\u00e8rent l\u2019Italie. Pourquoi Aldo Moro devait mourir]<\/i>&nbsp;\u00bb, sur l\u2019assassinat du premier ministre italien en 1978.<a name=\"KASSOVITZ\"><\/a>\n<\/div>\n<\/td>\n<\/tr>\n<tr>\n<td class=\"pm_img\">\n<div class=\"pm_img\"><a href=\"\/wp-content\/uploads\/2011\/09\/Kassovitz-Mathieu-for-Website.jpg\"><img decoding=\"async\" alt=\"M.K.\" src=\"\/wp-content\/uploads\/2011\/09\/Kassovitz-Mathieu-for-Website.jpg\" \/><\/a>\n<\/div>\n<\/td>\n<td class=\"pm_txt\">\n<div class=\"pmtxt-fr\">\n<b>Mathieu Kassovitz<\/b> est un acteur, r\u00e9alisateur, sc\u00e9nariste et producteur fran\u00e7ais. Son oeuvre cin\u00e9matographique est connue en France et au plan international. Il a re\u00e7u de nombreux prix pour ses films, dont celui de la Mise en sc\u00e8ne au Festival de Cannes pour <i>La Haine<\/i>, pour lequel il a \u00e9t\u00e9 qualifi\u00e9 d&rsquo;\u201ch\u00e9ritier de Fran\u00e7ois Truffaut\u201d. Il a \u00e9galement \u00e9t\u00e9 nomm\u00e9 aux C\u00e9sars comme Meilleur r\u00e9alisateur pour <i>Les rivi\u00e8res pourpres<\/i> et a remport\u00e9 3 C\u00e9sars (meilleur montage, meilleur film, meilleur producteur). Son dernier film s&rsquo;intitule <i>L&rsquo;Ordre et la Morale.<\/i> Mathieu Kassovitz est aussi connu pour avoir ouvertement remis en cause la version officielle du 11-Septembre \u00e0 la t\u00e9l\u00e9vision fran\u00e7aise.<a name=\"MARGULIS\"><\/a>\n<\/div>\n<\/td>\n<\/tr>\n<tr>\n<td class=\"pm_img\">\n<div class=\"pm_img\"><img decoding=\"async\" alt=\"L.M.\" src=\"\/wp-content\/uploads\/2011\/09\/Lynn-Margulis-WP7.jpg\" align=\"left\" \/>\n<\/div>\n<\/td>\n<td class=\"pm_txt\">\n<div class=\"pmtxt-fr\">\n<b>(<a href=\"https:\/\/www.reopen911.info\/News\/2012\/02\/03\/quand-le-new-york-times-oublie-de-rappeler-les-contestations-de-la-these-officielle-sur-le-11-septembre\/\" target=\"_blank\">Feu<\/a>) Dr. Lynn Margulis (1938 &#8211; 2011)<\/b>, Professeur distingu\u00e9e de l\u2019Universit\u00e9 au d\u00e9partement de g\u00e9osciences de l\u2019Universit\u00e9 du Massachusetts \u00e0 Amherst. Wll fut \u00e9lue \u00e0 l\u2019Acad\u00e9mie nationale des sciences en 1983, et a re\u00e7u la m\u00e9daille pr\u00e9sidentielle de la Science en 1999 des mains du pr\u00e9sident Clinton. La Librairie du Congr\u00e8s \u00e0 Washington DC a annonc\u00e9 en 1998 qu\u2019elle allait archiver de mani\u00e8re permanente ses articles. Elle a \u00e9galement \u00e9t\u00e9 \u00e9lue \u00ab&nbsp;Fellow&nbsp;\u00bb par la World Academy of Art and Science, l\u2019Acad\u00e9mie russe de Sciences naturelles et l\u2019Acad\u00e9mie am\u00e9ricaine d\u2019Art et des Sciences. Lynn Margulis <a href=\"https:\/\/www.reopen911.info\/News\/2012\/02\/03\/quand-le-new-york-times-oublie-de-rappeler-les-contestations-de-la-these-officielle-sur-le-11-septembre\/\" target=\"_blank\">est d\u00e9c\u00e9d\u00e9e le 22 novembre 2011<\/a> \u00e0 son domicile. Un hommage lui a \u00e9t\u00e9 rendu par David Ray Griffin. (<a href=\"https:\/\/www.reopen911.info\/News\/2011\/11\/24\/deces-de-la-celebre-scientifique-americaine-lynn-margulis-lhommage-de-david-ray-griffin\/\">voir article R-News<\/a>)<a name=\"MEACHER\"><\/a>\n<\/div>\n<\/td>\n<\/tr>\n<tr>\n<td class=\"pm_img\">\n<div class=\"pm_img\"><img decoding=\"async\" alt=\"M.M.\" src=\"\/wp-content\/uploads\/2011\/09\/Meacher-WP.jpg\" align=\"left\" \/>\n<\/div>\n<\/td>\n<td class=\"pm_txt\">\n<div class=\"pmtxt-fr\">\n<b>(<a href=\"https:\/\/www.bbc.com\/news\/uk-politics-34592381\" target=\"_blank\">Feu<\/a>) Michael Meacher (1939 &#8211; 2015)<\/b>, ex-ministre et parlementaire britannique, membre du Parti travailliste pour Oldham West et Royton depuis 1970, a \u00e9t\u00e9 ministre d\u2019\u00c9tat pour l\u2019Environnement entre mai 1997 et juin 2003. Concernant le 11\/9, il d\u00e9clare&nbsp;: \u00ab&nbsp;Je n\u2019adh\u00e8re \u00e0 aucune th\u00e9orie sur ce qui s\u2019est produit, car de mon point de vue, il y a encore bien trop d\u2019incertitude, mais ce que je sais, c\u2019est que le r\u00e9cit officiel contient tellement d\u2019erreurs et d\u2019inconsistances qu\u2019il n\u2019est tout simplement pas cr\u00e9dible en l\u2019\u00e9tat.&nbsp;\u00bb<a name=\"PEPPER\"><\/a>\n<\/div>\n<\/td>\n<\/tr>\n<tr>\n<td class=\"pm_img\">\n<div class=\"pm_img\"><img decoding=\"async\" alt=\"W.F.P.\" src=\"\/wp-content\/uploads\/2011\/09\/William-Pepper-WP.jpg\" align=\"left\" \/>\n<\/div>\n<\/td>\n<td class=\"pm_txt\">\n<div class=\"pmtxt-fr\">\n<b>William F. Pepper<\/b>, membre du Barreau, appel\u00e9 en 1991 \u00e0 la barre d\u2019Angleterre et du Pays de Galles, et Procureur (Attorney at Law) aux Etats-Unis, sp\u00e9cialiste international en droits de l&rsquo;Homme. Il a repr\u00e9sent\u00e9 la famille du Dr. Martin Luther King lors d\u2019une action au civil qui permit de r\u00e9v\u00e9ler la v\u00e9rit\u00e9 sur l\u2019assassinat, en innocentant son pr\u00e9sum\u00e9 assassin, James Earl Ray, qu\u2019il repr\u00e9sentait \u00e9galement. Il fut le pr\u00e9sident du S\u00e9minaire international des Droits humains \u00e0 l\u2019Universit\u00e9 d\u2019Oxford en Angleterre. Bien qu\u2019il ne soit pas un chercheur sur le sujet du 11-Septembre, il a d\u00e9clar\u00e9 depuis longtemps son soutien \u00e0 la mise en place d\u2019une large enqu\u00eate ind\u00e9pendante sur ces \u00e9v\u00e9nements, et consid\u00e8re que cela constituerait \u00e0 la fois le meilleur \u00ab&nbsp;m\u00e9morial&nbsp;\u00bb pour ceux qui y ont laiss\u00e9 la vie, et l\u2019accomplissement d\u2019un devoir moral envers les familles dont les questions restent toujours sans r\u00e9ponses.<a name=\"BULOW\"><\/a>\n<\/div>\n<\/td>\n<\/tr>\n<tr>\n<td class=\"pm_img\">\n<div class=\"pm_img\"><img decoding=\"async\" alt=\"A.B.\" src=\"\/wp-content\/uploads\/2011\/09\/Andreas-von-Bulow.WP1.jpg\" align=\"left\" \/>\n<\/div>\n<\/td>\n<td class=\"pm_txt\">\n<div class=\"pmtxt-fr\">\n<b>Andreas von B\u00fclow<\/b>, auteur allemand. Juriste et homme politique. Il fut pendant 25 ans membre du parlement allemand, et secr\u00e9taire d\u2019\u00c9tat pour le minist\u00e8re f\u00e9d\u00e9ral allemand de la D\u00e9fense (1976-1980), puis ministre de la Recherche et de la technologie (1980-1982) dans l\u2019administration du Chancellier Helmut Schmidt. Il a travaill\u00e9 pour le Comit\u00e9 parlementaire sur les Services de renseignement, ce qui l\u2019a amen\u00e9 \u00e0 enqu\u00eater sur les activit\u00e9s criminelles au sein des Services secrets occidentaux, et \u00e0 \u00e9crire deux livres&nbsp;: \u00ab&nbsp;<i><a href=\"http:\/\/www.amazon.de\/Namen-Staates-kriminellen-Machenschaften-Geheimdienste\/dp\/3492230504\/\">Im Namen des Staates: CIA, BND und die kriminellen Machenschaften der Geheimdienste<\/a> [Au nom de l&rsquo;Etat, CIA, BND et les activit\u00e9s criminelles des services secrets]<\/i>&nbsp;\u00bb, et \u00ab&nbsp;<i><a href=\"http:\/\/www.amazon.de\/Die-CIA-September-Internationaler-Geheimdienste\/dp\/3492272517\/\">Die CIA und der 11. September: Internationaler Terror und die Rolle der Geheimdienste<\/a> [La CIA et le 11-Septembre: Le terrorisme international et le r\u00f4le des services de renseignement]<\/i>&nbsp;\u00bb.\n<\/div>\n<\/td>\n<\/tr>\n<\/table>\n<\/div>\n<p><!-- c9text --><\/p>\n","protected":false},"excerpt":{"rendered":"<p>Membres d&rsquo;Honneur <\/p>\n<p>&nbsp;<\/p>\n<p>Les membres d\u2019honneur list\u00e9s dans cette page, m\u00eame s\u2019ils contestent la version officielle des \u00e9v\u00e9nements du 11 septembre 2001, ne sont par des porte-parole du 9\/11 Consensus Panel dont la liste des membres est fournie <a href=\"\/fr\/membres-du-comite\/\">ici<\/a>.<\/p>\n<p><a name=\"DOUGLASS\"><\/a><\/p>\n<p>&nbsp;<\/p>\n<p> <a href=\"\/wp-content\/uploads\/2011\/09\/Jim-Douglass-sized-for-consensus911.jpg\"><\/p>\n","protected":false},"author":105,"featured_media":0,"parent":0,"menu_order":26,"comment_status":"closed","ping_status":"closed","template":"","meta":{"footnotes":""},"class_list":["post-1438","page","type-page","status-publish","hentry"],"jetpack_sharing_enabled":true,"_links":{"self":[{"href":"https:\/\/www.consensus911.org\/fr\/wp-json\/wp\/v2\/pages\/1438","targetHints":{"allow":["GET"]}}],"collection":[{"href":"https:\/\/www.consensus911.org\/fr\/wp-json\/wp\/v2\/pages"}],"about":[{"href":"https:\/\/www.consensus911.org\/fr\/wp-json\/wp\/v2\/types\/page"}],"author":[{"embeddable":true,"href":"https:\/\/www.consensus911.org\/fr\/wp-json\/wp\/v2\/users\/105"}],"replies":[{"embeddable":true,"href":"https:\/\/www.consensus911.org\/fr\/wp-json\/wp\/v2\/comments?post=1438"}],"version-history":[{"count":5,"href":"https:\/\/www.consensus911.org\/fr\/wp-json\/wp\/v2\/pages\/1438\/revisions"}],"predecessor-version":[{"id":20240,"href":"https:\/\/www.consensus911.org\/fr\/wp-json\/wp\/v2\/pages\/1438\/revisions\/20240"}],"wp:attachment":[{"href":"https:\/\/www.consensus911.org\/fr\/wp-json\/wp\/v2\/media?parent=1438"}],"curies":[{"name":"wp","href":"https:\/\/api.w.org\/{rel}","templated":true}]}}

<h3 class="hm">Membres d&rsquo;Honneur</h3>
<div class="c9text-fr">
<p>&nbsp;</p>
<p><b>Les membres d’honneur listés dans cette page, même s’ils contestent la version officielle des événements du 11 septembre 2001, ne sont par des porte-parole du <i>9/11 Consensus Panel</i> dont la liste des membres est fournie <a href="/fr/membres-du-comite/">ici</a>.</b></p>
<p><a name="DOUGLASS"></a></p>
<p>&nbsp;</p>
<table class="members">
<tr>
<td class="pm_img">
<div class="pm_img"><a href="/wp-content/uploads/2011/09/Jim-Douglass-sized-for-consensus911.jpg"><img decoding="async" alt=J.D." src="/wp-content/uploads/2011/09/Jim-Douglass-sized-for-consensus911.jpg" /></a>
</div>
</td>
<td class="pm_txt">
<div class="pmtxt-fr">
<b>James W. Douglass</b>, spécialiste de la théologie chrétienne et activiste pour la Paix, est l’auteur de nombreux ouvrages, dont «&nbsp;<i><a href="http://www.amazon.com/JFK-Unspeakable-Why-Died-Matters/dp/1439193886/">JFK and the Unspeakable</a></i>&nbsp;» et «&nbsp;<i><a href="http://www.amazon.com/Gandhi-Unspeakable-Final-Experiment-Truth/dp/1626980330/">Gandhi and the Unspeakable</a></i>&nbsp;». Il a milité pour la désobéissance civile lors de la guerre du Vietnam, et contre les armements nucléaires et la guerre d’Irak. Lui et sa femme Shelley sont les cofondateurs du Ground Zero Center pour l’action non violente, à Poulsho, Washington, et de la Maison de Marie (<i>Mary’s house</i>), un centre d’accueil catholique à Birmingham, dans l’Alabama.<a name="IMPOSIMATO"></a>
</div>
</td>
</tr>
<tr>
<td class="pm_img">
<div class="pm_img"><a href="/wp-content/uploads/2011/09/Consensus-Panel-Photo.jpg"><img decoding="async" alt="F.I." src="/wp-content/uploads/2011/09/Consensus-Panel-Photo.jpg" /></a>
</div>
</td>
<td class="pm_txt">
<div class="pmtxt-fr">
<b>(<a href="https://www.ae911truth.org/news/403-an-international-icon-of-9-11-truth-departs-ferdinando-imposimato.html" target="_blank">Feu</a>) Mr. Ferdinando Imposimato (1936 – 2018)</b> était président honoraire de la Cour suprême italienne et un ancien juge d’instruction sénior. Il a instruit de nombreuses affaires liées au terrorisme, dont le rapt et l’assassinat du président du Conseil italien Aldo Moro et la tentative d’assassinat du pape Jean-Paul II. Il fut également consultant juridique pour les Nations Unies. Il a déclaré publiquement que le 11/9 avait été une opération sous fausse bannière (<i>False Flag</i>), et a demandé que cette affaire soit jugée par la Cour pénale Internationale de La Haye, dont le rôle est de protéger le monde des criminels de guerre. M. Imposimato est également l’auteur des ouvrages «&nbsp;<i><a href="http://www.amazon.it/Grande-Menzogna-lenigma-minaccia-dellIran-ebook/dp/B017RD4T22/">La Grande Menzogna: Il ruolo del Mossad, l&rsquo;enigma del Niger gate, la minaccia atomica dell&rsquo;Iran</a> [Le grand mensonge: l&rsquo;énigme de Nigergate, la menace nucléaire de l&rsquo;Iran]</i>&nbsp;», «&nbsp;<i><a href="http://www.amazon.it/Terrorismo-internazionale-nascosta-Ferdinando-Imposimato/dp/8887509263/">Terrorismo internazionale. La vérità nascosta</a> [Terrorisme international. Les vérités cachées]</i>&nbsp;», «&nbsp;<i><a href="http://www.amazon.it/Repubblica-stragi-impunite-eNewton-Saggistica-ebook/dp/B00GAH6ZWO/">La Repubblica delle stragi impunite</a> [La république des tragédies impunies]</i>&nbsp;», et «&nbsp;<i><a href="http://www.amazon.com/cambiato-lItalia-eNewton-Saggistica-Italian-ebook/dp/B00CM5N0QM/">I 55 giorni che hanno cambiato l&rsquo;Italia. Perché Aldo Moro doveva morire?</a> [Les 55 jours qui changèrent l’Italie. Pourquoi Aldo Moro devait mourir]</i>&nbsp;», sur l’assassinat du premier ministre italien en 1978.<a name="KASSOVITZ"></a>
</div>
</td>
</tr>
<tr>
<td class="pm_img">
<div class="pm_img"><a href="/wp-content/uploads/2011/09/Kassovitz-Mathieu-for-Website.jpg"><img decoding="async" alt="M.K." src="/wp-content/uploads/2011/09/Kassovitz-Mathieu-for-Website.jpg" /></a>
</div>
</td>
<td class="pm_txt">
<div class="pmtxt-fr">
<b>Mathieu Kassovitz</b> est un acteur, réalisateur, scénariste et producteur français. Son oeuvre cinématographique est connue en France et au plan international. Il a reçu de nombreux prix pour ses films, dont celui de la Mise en scène au Festival de Cannes pour <i>La Haine</i>, pour lequel il a été qualifié d&rsquo;“héritier de François Truffaut”. Il a également été nommé aux Césars comme Meilleur réalisateur pour <i>Les rivières pourpres</i> et a remporté 3 Césars (meilleur montage, meilleur film, meilleur producteur). Son dernier film s&rsquo;intitule <i>L&rsquo;Ordre et la Morale.</i> Mathieu Kassovitz est aussi connu pour avoir ouvertement remis en cause la version officielle du 11-Septembre à la télévision française.<a name="MARGULIS"></a>
</div>
</td>
</tr>
<tr>
<td class="pm_img">
<div class="pm_img"><img decoding="async" alt="L.M." src="/wp-content/uploads/2011/09/Lynn-Margulis-WP7.jpg" align="left" />
</div>
</td>
<td class="pm_txt">
<div class="pmtxt-fr">
<b>(<a href="https://www.reopen911.info/News/2012/02/03/quand-le-new-york-times-oublie-de-rappeler-les-contestations-de-la-these-officielle-sur-le-11-septembre/" target="_blank">Feu</a>) Dr. Lynn Margulis (1938 &#8211; 2011)</b>, Professeur distinguée de l’Université au département de géosciences de l’Université du Massachusetts à Amherst. Wll fut élue à l’Académie nationale des sciences en 1983, et a reçu la médaille présidentielle de la Science en 1999 des mains du président Clinton. La Librairie du Congrès à Washington DC a annoncé en 1998 qu’elle allait archiver de manière permanente ses articles. Elle a également été élue «&nbsp;Fellow&nbsp;» par la World Academy of Art and Science, l’Académie russe de Sciences naturelles et l’Académie américaine d’Art et des Sciences. Lynn Margulis <a href="https://www.reopen911.info/News/2012/02/03/quand-le-new-york-times-oublie-de-rappeler-les-contestations-de-la-these-officielle-sur-le-11-septembre/" target="_blank">est décédée le 22 novembre 2011</a> à son domicile. Un hommage lui a été rendu par David Ray Griffin. (<a href="https://www.reopen911.info/News/2011/11/24/deces-de-la-celebre-scientifique-americaine-lynn-margulis-lhommage-de-david-ray-griffin/">voir article R-News</a>)<a name="MEACHER"></a>
</div>
</td>
</tr>
<tr>
<td class="pm_img">
<div class="pm_img"><img decoding="async" alt="M.M." src="/wp-content/uploads/2011/09/Meacher-WP.jpg" align="left" />
</div>
</td>
<td class="pm_txt">
<div class="pmtxt-fr">
<b>(<a href="https://www.bbc.com/news/uk-politics-34592381" target="_blank">Feu</a>) Michael Meacher (1939 &#8211; 2015)</b>, ex-ministre et parlementaire britannique, membre du Parti travailliste pour Oldham West et Royton depuis 1970, a été ministre d’État pour l’Environnement entre mai 1997 et juin 2003. Concernant le 11/9, il déclare&nbsp;: «&nbsp;Je n’adhère à aucune théorie sur ce qui s’est produit, car de mon point de vue, il y a encore bien trop d’incertitude, mais ce que je sais, c’est que le récit officiel contient tellement d’erreurs et d’inconsistances qu’il n’est tout simplement pas crédible en l’état.&nbsp;»<a name="PEPPER"></a>
</div>
</td>
</tr>
<tr>
<td class="pm_img">
<div class="pm_img"><img decoding="async" alt="W.F.P." src="/wp-content/uploads/2011/09/William-Pepper-WP.jpg" align="left" />
</div>
</td>
<td class="pm_txt">
<div class="pmtxt-fr">
<b>William F. Pepper</b>, membre du Barreau, appelé en 1991 à la barre d’Angleterre et du Pays de Galles, et Procureur (Attorney at Law) aux Etats-Unis, spécialiste international en droits de l&rsquo;Homme. Il a représenté la famille du Dr. Martin Luther King lors d’une action au civil qui permit de révéler la vérité sur l’assassinat, en innocentant son présumé assassin, James Earl Ray, qu’il représentait également. Il fut le président du Séminaire international des Droits humains à l’Université d’Oxford en Angleterre. Bien qu’il ne soit pas un chercheur sur le sujet du 11-Septembre, il a déclaré depuis longtemps son soutien à la mise en place d’une large enquête indépendante sur ces événements, et considère que cela constituerait à la fois le meilleur «&nbsp;mémorial&nbsp;» pour ceux qui y ont laissé la vie, et l’accomplissement d’un devoir moral envers les familles dont les questions restent toujours sans réponses.<a name="BULOW"></a>
</div>
</td>
</tr>
<tr>
<td class="pm_img">
<div class="pm_img"><img decoding="async" alt="A.B." src="/wp-content/uploads/2011/09/Andreas-von-Bulow.WP1.jpg" align="left" />
</div>
</td>
<td class="pm_txt">
<div class="pmtxt-fr">
<b>Andreas von Bülow</b>, auteur allemand. Juriste et homme politique. Il fut pendant 25 ans membre du parlement allemand, et secrétaire d’État pour le ministère fédéral allemand de la Défense (1976-1980), puis ministre de la Recherche et de la technologie (1980-1982) dans l’administration du Chancellier Helmut Schmidt. Il a travaillé pour le Comité parlementaire sur les Services de renseignement, ce qui l’a amené à enquêter sur les activités criminelles au sein des Services secrets occidentaux, et à écrire deux livres&nbsp;: «&nbsp;<i><a href="http://www.amazon.de/Namen-Staates-kriminellen-Machenschaften-Geheimdienste/dp/3492230504/">Im Namen des Staates: CIA, BND und die kriminellen Machenschaften der Geheimdienste</a> [Au nom de l&rsquo;Etat, CIA, BND et les activités criminelles des services secrets]</i>&nbsp;», et «&nbsp;<i><a href="http://www.amazon.de/Die-CIA-September-Internationaler-Geheimdienste/dp/3492272517/">Die CIA und der 11. September: Internationaler Terror und die Rolle der Geheimdienste</a> [La CIA et le 11-Septembre: Le terrorisme international et le rôle des services de renseignement]</i>&nbsp;».
</div>
</td>
</tr>
</table>
</div>
<p><!-- c9text --></p>

<p>Membres d&rsquo;Honneur </p>
<p>&nbsp;</p>
<p>Les membres d’honneur listés dans cette page, même s’ils contestent la version officielle des événements du 11 septembre 2001, ne sont par des porte-parole du 9/11 Consensus Panel dont la liste des membres est fournie <a href="/fr/membres-du-comite/">ici</a>.</p>
<p><a name="DOUGLASS"></a></p>
<p>&nbsp;</p>
<p> <a href="/wp-content/uploads/2011/09/Jim-Douglass-sized-for-consensus911.jpg"></p>
